
-393
In base 2, what is 1011100110 - -110100?
1100011010
In base 13, what is 3c57 - -5?
3c5c
In base 10, what is -5 + -573?
-578
In base 15, what is 2 - 151ed?
-151eb
In base 7, what is 653 + -143?
510
In base 15, what is -2da2a - 5?
-2da30
In base 7, what is 4 + 1030560?
1030564
In base 4, what is -20133 - -321331?
301132
In base 5, what is 1034411 + -12?
1034344
In base 2, what is -1100100110001 - 1001000?
-1100101111001
In base 5, what is 303 + -41322?
-41014
In base 5, what is -1041231 + -12?
-1041243
In base 9, what is -3586 + 36?
-3550
In base 14, what is -2568 + 1b?
-254b
In base 2, what is -101 - 1000111101111010?
-1000111101111111
In base 11, what is 118 - -11a8?
1315
In base 3, what is 200120122121001 + 0?
200120122121001
In base 15, what is -11446 + -1?
-11447
In base 3, what is 112101110 + -122?
112100211
In base 16, what is 1 - -8d1e?
8d1f
In base 8, what is 21 + 165?
206
In base 10, what is -10 + 5900?
5890
In base 16, what is -17 - -ca?
b3
In base 10, what is -1744 + 12?
-1732
In base 12, what is 67983 - 1?
67982
In base 9, what is -5122 + -664?
-5786
In base 3, what is -212122010 + 11?
-212121222
In base 4, what is 233212330 - 10?
233212320
In base 7, what is -3445 - 321?
-4066
In base 9, what is -18 + -44100?
-44118
In base 4, what is -1332 - -3121?
1123
In base 3, what is -10221001122 - 0?
-10221001122
In base 12, what is -5 + 5ba50?
5ba47
In base 5, what is 3043224 - -21?
3043300
In base 4, what is -13103211 - 23?
-13103300
In base 11, what is -55082 + 4?
-55079
In base 8, what is -65 - -1152?
1065
In base 7, what is -2 + -4303?
-4305
In base 6, what is -5 - 1254232?
-1254241
In base 14, what is 3a + 2d6?
332
In base 12, what is -21b1b - -4?
-21b17
In base 11, what is -59 + -41651?
-416aa
In base 3, what is -200201110 + 11?
-200201022
In base 15, what is -a + -8e0?
-8ea
In base 2, what is -100 - 11011000000101011000?
-11011000000101011100
In base 15, what is -47 + 2007?
1eb0
In base 14, what is 13520 + 3?
13523
In base 4, what is -303200212 - -3?
-303200203
In base 5, what is -4 - 303121?
-303130
In base 12, what is -361b - 107?
-3726
In base 14, what is -80026 + 5?
-80021
In base 4, what is 23112023 + -200?
23111223
In base 12, what is -321 - 122?
-443
In base 7, what is -601 - -2?
-566
In base 11, what is 1542134 + 0?
1542134
In base 4, what is -313322 + -11?
-313333
In base 13, what is a + -c5?
-b8
In base 11, what is -1 + -514575?
-514576
In base 2, what is -111111110100110100 - -100?
-111111110100110000
In base 16, what is -98a9 + -2?
-98ab
In base 10, what is -4664 - -1?
-4663
In base 5, what is -10331 - 122?
-11003
In base 3, what is 101100111 - 20?
101100021
In base 10, what is 5 + 108552?
108557
In base 11, what is -43a1 + -4?
-43a5
In base 2, what is 11 - 10101011100101011?
-10101011100101000
In base 13, what is 10a9c5 - 5?
10a9c0
In base 16, what is -a3e - -36?
-a08
In base 14, what is 5 + -aac6?
-aac1
In base 10, what is -81420 - 5?
-81425
In base 3, what is -21021100200210 + -2?
-21021100200212
In base 3, what is -102100111 - 102?
-102100220
In base 16, what is 1 - -8eb8?
8eb9
In base 16, what is -4ef3 - 1?
-4ef4
In base 14, what is bb3d - 15?
bb28
In base 2, what is 100110000010010 - -10?
100110000010100
In base 12, what is 4 + -14062?
-1405a
In base 10, what is 5 + -2044?
-2039
In base 10, what is 5 - -19116?
19121
In base 8, what is -144 + -1046?
-1212
In base 10, what is 5 - -1457442?
1457447
In base 5, what is -4 - 423214?
-423223
In base 5, what is 13103013 + 3?
13103021
In base 7, what is 4 - 1124025?
-1124021
In base 8, what is 274144 - -4?
274150
In base 9, what is 500077 - 7?
500070
In base 7, what is -3 - 606400?
-606403
In base 14, what is 1 - -431c?
431d
In base 10, what is 973 - -127?
1100
In base 14, what is 201118 + -5?
201113
In base 2, what is 100 + -100101111111010?
-100101111110110
In base 12, what is 51 - 1003?
-b72
In base 3, what is -12022002122 + -20?
-12022002212
In base 16, what is -52bd - 4?
-52c1
In base 8, what is 2240 + 5?
2245
In base 5, what is 10 + 40442344?
40442404
In base 3, what is -100222000 - 1101101?
-102100101
In base 5, what is -200001 - 3?
-200004
In base 8, what is -113002 - 3?
-113005
In base 3, what is 10121201 + -2?
10121122
In base 14, what is 291 + -d?
282
In base 3, what is 101121 + -1200220?
-1022022
In base 16, what is -18a78 + 2?
-18a76
In base 16, what is -1a45 + -5?
-1a4a
In base 5, what is -3 - 223201133?
-223201141
In base 15, what is -4 + -456a6?
-456aa
In base 13, what is bc0 - -c2?
cb2
In base 11, what is 1657 + -4?
1653
In base 2, what is 10 + -11011000111?
-11011000101
In base 11, what is -110 + -213?
-323
In base 6, what is 2 + 5441053?
5441055
In base 16, what is 10 + -5c7be?
-5c7ae
In base 9, what is 0 - 165216?
-165216
In base 11, what is -5547 - -91?
-5466
In base 5, what is 14 - 21400320?
-21400301
In base 6, what is 3124513 - 1?
3124512
In base 11, what is 2 - 3a230?
-3a229
In base 7, what is 1314664 + -5?
1314656
In base 11, what is -4 + -3a01?
-3a05
In base 3, what is -111 + -120002?
-120120
In base 12, what is 193a2 - 1?
193a1
In base 5, what is -320 + -301312?
-302132
In base 3, what is 10000 - -1102022?
1112022
In base 7, what is -23 + -2600?
-2623
In base 5, what is -4032 + -230132?
-234214
In base 3, what is -221011210 + -1012?
-221012222
In base 13, what is 263 - -b99?
112c
In base 15, what is 1bb - -20?
1db
In base 13, what is -2 + 5597?
5595
In base 6, what is -1110 - -25253?
24143
In base 11, what is 174 - -10a?
283
In base 16, what is 5cc3c7 + -3?
5cc3c4
In base 15, what is -16 + -6d?
-84
In base 12, what is 74 + 8496?
854a
In base 13, what is 12965 + 3?
12968
In base 12, what is 11b21 + 4?
11b25
In base 6, what is -42300 + 40?
-42220
In base 7, what is -5 + -3040462?
-3040500
In base 9, what is 2 + 526728?
526731
In base 9, what is -13165 - 363?
-13538
In base 7, what is -103045 - 31?
-103106
In base 3, what is -12 + -111222110200?
-111222110212
In base 12, what is -4 + 1198?
1194
In base 15, what is 46 + 20b?
252
In base 10, what is -120 - -74?
-46
In base 9, what is 5 - 2143?
-2137
In base 11, what is 60 - 3891?
-3831
In base 11, what is 2 - -33870?
33872
In base 10, what is 39 - 6793?
-6754
In base 15, what is -60cd + 9?
-60c4
In base 16, what is 116c + -8?
1164
In base 10, what is 54976 + 8?
54984
In base 14, what is 319 - 550?
-235
In base 6, what is 2305332 - -13?
2305345
In base 11, what is -1592 - -43?
-154a
In base 12, what is a253 - -3?
a256
In base 7, what is 5 - -1441253?
1441261
In base 16, what is a1b2 + d?
a1bf
In base 15, what is a6c + 5?
a72
In base 7, what is -4 + -2511162?
-2511166
In base 13, what is 212839 - 1?
212838
In base 2, what is -10010001111 - 110001?
-10011000000
In base 3, what is 222 - 221210?
-220211
In base 15, what is -1da2 + 6?
-1d9b
In base 3, what is -111 - -2121011?
2120200
In base 4, what is -13 - -321331?
321312
In base 5, what is -32 - 1042?
-1124
In base 4, what is -2211 - -12002?
3131
In base 9, what is 3 + 41656?
41660
In base 7, what is -2 - 121504?
-121506
In base 5, what is -113130 + 31?
-113044
In base 13, what is 5 - -2171c?
21724
In base 16, what is 1f35 + -8?
1f2d
In base 4, what is 11020320213 - 13?
11020320200
In base 2, what is 100100100000011 + 101?
100100100001000
In base 13, what is -3ccb - -10?
-3cbb
In base 11, what is 5 + 10008?
10012
In base 6, what is -10050 - 412?
-10502
In base 4, what is 13 + 302312?
302331
In base 5, what is 10 - 4141211?
-4141201
In base 14, what is -b32c + -5?
-b333
In base 11, what is -44 - 435?
-479
In base 11, what is -166 - -215?
5a
In base 10, what is -13015 + -39?
-13054
In base 9, what is 157601 - 6?
157584
In base 5, what is -11 + 2221424?
2221413
In base 14, what is -1dd6 - -6?
-1dd0
In base 5, what is -4404010 + -1?
-4404011
In base 8, what is 13 - 355640?
-355625
In base 9, what is 1273 + 106?
1380
In base 9, what is -114 - -170?
55
In base 10, what is -7 - 343437?
-343444
In base 5, what is 1033440 - 2?
1033433
In base 10, what is 25467 + 4?
25471
In base 9, what is 0 + -1712?
-1712
In base 15, what is -453 - -136?
-31c
In base 4, what is 12210312 - 31?
12210221
In base 9, what is 5 + -1031633?
-1031627
In base 15, what is 14 + 11de7?
11e0b
In base 10, what is 1 + 92949?
92950
In base 5, what is -3 - 4111430?
-4111433
In base 11,